Suppose -4*q + 7*x = 4*x - 2523, 3125 = 5*q + 2*x. Is q a multiple of 57?
True
Does 22 divide (-24)/60 - -2*11188/40?
False
Let m(r) = -2*r**3 + 53*r**2 - 132*r - 11. Does 91 divide m(22)?
False
Suppose 110 + 28 = -3*r. Is 4 a factor of r*(6/(-4) - -1)?
False
Suppose -47*y = -5*y - 64554. Does 14 divide y?
False
Suppose 2*p - w - 343 = 0, 2*p = -2*w - 86 + 438. Is 14 a factor of p?
False
Let u(k) = 13*k + 13. Let r be u(-2). Is (13/(-3))/((13/18)/r) a multiple of 39?
True
Let c be (-1 - 1) + 0 + 4. Suppose -2*f + 5*p + 15 = 0, -c*f + p + 7 = 4*p. Suppose 2*b - 4*m + m - 15 = 0, -51 = -f*b + 3*m. Is b a multiple of 5?
False
Let q be 0 + 201 - (-8 + 10). Let i = 287 - q. Is i a multiple of 12?
False
Let g be -11 + 0 + 2 + -2. Suppose -m + 0*m - 21 = j, -5*j - 89 = m. Let s = g - j. Is s a multiple of 2?
True
Let n(u) = -7*u - 30. Let c be n(-5). Suppose c*x = -2*v + 6*v - 432, v - 3*x - 108 = 0. Does 28 divide v?
False
Suppose w = -39 + 5. Let r = -32 - w. Suppose -5*s + 198 = 4*y, r*s = -y - s + 46. Is 22 a factor of y?
False
Suppose -3*p = -4*h - 40, p - h - 14 = -0*p. Suppose -6*j = -4*j - p. Is j a multiple of 2?
True
Suppose 14*r = 11*r + 5*l + 535, -2*r + 390 = 5*l. Does 10 divide r?
False
Suppose 3*h = -61 + 61. Suppose 2*x - 274 = -4*n - n, -2*x - 2*n + 286 = h. Is 15 a factor of x?
False
Let z be (-2 + -188)*3/(-6). Let w = z - 196. Let p = w - -145. Is p a multiple of 11?
True
Is (2/4*-202)/(-1) a multiple of 17?
False
Suppose -82 = -3*y + r + 139, 0 = -4*y - 3*r + 273. Let n = -68 + y. Is 4 a factor of n?
True
Let z(w) = -12*w + 138. Is 13 a factor of z(-7)?
False
Let w = 1002 - 696. Does 36 divide w?
False
Is 13 a factor of (2 - 2) + (18 - -502)?
True
Let h(j) = -7*j - 6. Let v be ((-20)/12)/((-2)/6). Suppose 2*g = v*g + 5*n + 37, -5*n = 5*g + 45. Is 11 a factor of h(g)?
True
Suppose 22*z - 19*z - 12 = 0. Suppose -34 = -z*y + 182. Does 18 divide y?
True
Let s = -83 - -353. Does 15 divide s?
True
Suppose -3*h - 79 - 65 = -f, -4*f - h + 550 = 0. Does 46 divide f?
True
Suppose -9*i = -7*i - 972. Is i a multiple of 18?
True
Let o be 3/(-4) - ((-2635)/20 + 3). Suppose 5*t - 5*n - 512 = o, n = 3*t - 392. Is 11 a factor of t?
True
Let v(n) = 8*n - 19. Let h be v(11). Let a = h + -37. Does 5 divide a?
False
Let w(u) = -u**2 + 8*u - 1. Let x be w(4). Suppose 2*o - 11 = x. Let b = -1 + o. Is b a multiple of 12?
True
Let p(v) = 3*v**2 + 31*v + 30. Is 65 a factor of p(15)?
True
Let a = -65 + 89. Suppose p = a + 23. Is p a multiple of 18?
False
Let v = -25 - -101. Let y = -39 + v. Is 3 a factor of y?
False
Is 2234 - (90/(-9) + 12) a multiple of 72?
True
Suppose 4*x - 316 = -28. Is x a multiple of 18?
True
Suppose 4*h = -39 - 13. Let b = h + 13. Suppose b = 5*x - 46 - 84. Is 13 a factor of x?
True
Suppose 0 = -4*r - 116 + 8. Let w(i) = -14*i**2 + 2*i - 1. Let o be w(1). Let g = o - r. Is g a multiple of 5?
False
Suppose 10 - 45 = -5*j. Suppose 0 = j*k - 388 - 368. Is 27 a factor of k?
True
Let h = 617 + 295. Does 38 divide h?
True
Is (-5311)/(-10) - (-8)/(-80) a multiple of 9?
True
Suppose -89*h + 96*h = 4242. Is 24 a factor of h?
False
Suppose -p - 9 = p + 3*s, 0 = s + 1. Let i(y) = -2*y**3 - 4*y**2 - 5*y - 6. Is i(p) a multiple of 7?
False
Is 2 + (1588 - (-9 - -4)) a multiple of 55?
True
Let m be -1*(-6)/(2 - 0). Suppose -104 = 2*z + 2*z. Is 7 a factor of 1/(m + z/9)?
False
Let c(v) = v**2 - 6*v + 4. Let n be c(6). Let x be (206/n)/((-3)/(-6)). Let j = x - 22. Does 26 divide j?
False
Suppose m - 280 = -4*m. Let c = m - 101. Let y = -14 - c. Is y a multiple of 9?
False
Let h = 89 - 157. Is h/6*21/(-14) a multiple of 17?
True
Let a(c) = -c**3 + 9*c**2 + 42*c - 22. Is 14 a factor of a(-10)?
False
Suppose -3*o + 2*o + j - 794 = 0, 0 = -3*o + 2*j - 2382. Let q be (-6)/14 - o/7. Suppose -2*d - 2*m + q = d, 3*d = -5*m + 116. Does 16 divide d?
False
Suppose -30 + 20 = 2*a. Let u be -18*1*(a - 0). Suppose -2*h + u = -w, -h + 5*w = -0*w - 45. Is h a multiple of 10?
False
Let g be (-1 + -1 - -5)*(57 + 5). Let q = g + -116. Is q a multiple of 14?
True
Suppose -h - 4241 = 5*f - 3*h, f + 3*h + 855 = 0. Let v be 15/(-20) + f/(-12). Let q = v - 48. Is q a multiple of 11?
True
Let m = 785 - 543. Is m a multiple of 28?
False
Suppose -4*t = i - 203, 6*t = 3*i + 8*t - 589. Is 12 a factor of i?
False
Let i(q) = 2*q**2 + 7*q + 3. Suppose -5*o + 21 + 14 = 0. Suppose -t - o = -2. Is 6 a factor of i(t)?
True
Suppose -16 - 80 = 6*m. Is 11 a factor of (1*-1)/(m/1584)?
True
Let a = -975 + 2220. Is 65 a factor of a?
False
Let d = 9 + -7. Let s(n) = 8*n**3 + 3*n**2 - 2*n - 2. Is 7 a factor of s(d)?
True
Suppose 7*t = 10*t - 540. Is 12 a factor of t?
True
Let c(r) be the second derivative of -r**3/6 + 25*r**2 + 11*r. Is c(0) a multiple of 9?
False
Let z be 4*42/(-4 + 2). Is 3 a factor of 4/3*z/(-8)?
False
Suppose -3*x - 5*f - 378 = 0, 4*x + 273 = 4*f - 199. Let p = x - -247. Suppose d - p = -d. Is 21 a factor of d?
True
Suppose 4*g - 15 = 9. Let u(a) be the third derivative of a**5/60 - 5*a**4/24 + 3*a**3/2 - 6*a**2. Is 15 a factor of u(g)?
True
Suppose 0 = 5*r - 5*h + 4*h - 130, 5*r + 2*h = 115. Does 25 divide r?
True
Let s be (0 + 6)*(-16)/(-12). Suppose -s*l + 298 = -526. Does 12 divide l?
False
Suppose -381 + 130 = -t. Let o = t - 155. Let x = o - 68. Does 14 divide x?
True
Suppose 4*t + h - 11 - 1 = 0, -t + 12 = -2*h. Let o = 0 + t. Suppose 4*m + 2*w = 312, -o*m + 3*m - w = -78. Is m a multiple of 26?
True
Suppose 132 = 22*w - 21*w. Is w a multiple of 22?
True
Let y = 348 + -242. Let c = y + -1. Is c a multiple of 21?
True
Suppose 0 = -6*o + 3*o + 84. Let h = 32 - o. Is h even?
True
Let f(r) = -3276*r**3 + 5*r**2 + 8*r + 2. Does 47 divide f(-1)?
False
Let s = 781 + 3731. Is 24 a factor of s?
True
Let t(v) = -v + 17. Let q be t(13). Suppose 0 = 11*i - 8*i + 648. Is 30/q*i/(-30) a multiple of 18?
True
Let w be 4/(-10) + 162/30. Suppose -w*t + 89 = -271. Is t a multiple of 18?
True
Let k = 311 + -446. Let b be 5/(-15)*(k + 0). Let d = -37 + b. Is d a multiple of 8?
True
Suppose 54*u + 7*u = 44164. Is 37 a factor of u?
False
Let m(v) = v**2 + 7*v**3 - 3*v**2 - 8*v**3 - 6*v**2 + 2. Let z be m(-8). Suppose -s - z*r + 4 + 46 = 0, -2*r + 218 = 5*s. Is s a multiple of 7?
True
Suppose 4*c - 1426 = -3*r, -4*r - 3*c + 2174 = 261. Suppose 17*w - 79 = r. Is 11 a factor of w?
True
Suppose -3*l = -v - 1867, 19*v = -5*l + 18*v + 3125. Is 12 a factor of l?
True
Suppose 0 = -9*h + 5*h + 12. Suppose 0*o = 2*r - o - 258, 0 = 4*r + h*o - 526. Is 14 a factor of r?
False
Let v be (-22)/4 + 14/(-28). Let y(o) = o**3 + 5*o**2 - 2*o + 5. Let r be y(v). Let s = -10 - r. Is s a multiple of 7?
False
Let p be (-8)/(-3) + (32/24 - 2). Suppose 2*q - 4*l = q + 86, -2*l - 196 = -p*q. Does 8 divide q?
False
Let p = -25 - -22. Let v be p + 1 + 2 + 2. Suppose 5*k - 60 = -2*g, 6*g - 2*g - 88 = -v*k. Is g a multiple of 7?
False
Let y(h) be the second derivative of h**5/20 - 2*h**4/3 + 7*h**3/6 + 9*h**2/2 - h. Suppose -2*k + 6*k = -s + 31, 4*s + 28 = 3*k. Is 13 a factor of y(k)?
True
Let n = -2 + 5. Let l be 36/(-48) - 23/(-4). Suppose l*k - n*c - 115 - 191 = 0, 4*k - 230 = -5*c. Does 12 divide k?
True
Suppose -2*d - 192 = 2*y, -2*y = -5*d - 4*y - 483. Let j = d + 153. Is j a multiple of 8?
True
Is 12 a factor of (-7552)/(-10) + 84/105?
True
Let v = 10 - 6. Suppose 0 = v*i - 45 - 55. Suppose 0 = k - i. Does 5 divide k?
True
Let g(l) = 5*l**2 + 6*l - 7. Let v be g(1). Suppose 226 = 5*t - 39. Suppose t = v*z - 43. Is 8 a factor of z?
True
Suppose 11*q = 12074 + 8936. Is q a multiple of 14?
False
Suppose -3750 = -4*q - 2*d, 21*q - 19*q + 5*d - 1879 = 0. Is q a multiple of 13?
False
Let u = 96 + -240. Let p = 36 - u. Is 10 a factor of p/8*(-12)/(-10)?
False
Suppose 0 = 5*f - k - 13520, -14*f + 12*f + 5431 = -5*k. Is 12 a factor of f?
False
Let z(f) = f**3 - 4*f**2. Let g be z(4). Suppose -3*s + s + 12 = g. Does 20 divide 309/s + 6/(-4)?
False
Let v(l) = l**3 - 15*l**2 - 3*l + 20. Let k be v(15). Let p = k - -29. Is 7 a factor of (p + -6)*-1 + 39?
False
Is 38 a factor of (2394/(-135)*-5)/(1/3)?
True
Suppose -14*h + 940 = -880. Is 12 a factor of h?
False
Suppose -4*u - 3*l + 427 = 0, 8*u = 4*u - 5*l + 429. Let h be u*((-12)/8)/3. Let k = h + 91. Is k a multiple of 19?
True
Suppose 0 = 55*v - 46*v - 3681. Is v a 